{"id":2603,"date":"2014-02-05T12:42:03","date_gmt":"2014-02-05T11:42:03","guid":{"rendered":"http:\/\/www.lacubadebaco.com\/bodega\/?post_type=product&#038;p=2603"},"modified":"2022-10-06T20:28:09","modified_gmt":"2022-10-06T18:28:09","slug":"alto-moncayo-tinto","status":"publish","type":"product","link":"https:\/\/www.lacubadebaco.com\/bodega\/tiendadevinos\/alto-moncayo-tinto\/","title":{"rendered":"Alto Moncayo"},"content":{"rendered":"<p style=\"text-align: justify;\"><b>Variedades de uva:<\/b>\u00a0100 % Garnacha (vi\u00f1as viejas entre 40 y 65 a\u00f1os). Crianza 20 meses en barricas.<i><\/i><\/p>\n<p style=\"text-align: justify;\"><b>Vi\u00f1edos:\u00a0<\/b>&#8211;<\/p>\n<p style=\"text-align: justify;\"><b>Regi\u00f3n:\u00a0<\/b>D.O. Campo de Borja.<b><\/b><\/p>\n<p style=\"text-align: justify;\"><b>Cata:\u00a0<\/b>Picota granate bien cubierto. De notable complejidad en nariz, con aromas de fruta negra, bals\u00e1micos, agradables tostados y cierto resabio r\u00fastico que imprime car\u00e1cter. Buena estructura en boca, sabroso, se refuerzan con el aporte de la madera de calidad.<\/p>\n<p style=\"text-align: justify;\">Descorche y decantado 40 minutos antes de su consumo.<\/p>\n<p style=\"text-align: justify;\"><strong>Gu\u00eda Pe\u00f1\u00edn 2020<\/strong>: 95 puntos. Podio Gu\u00eda Pe\u00f1\u00edn.<\/p>\n<p style=\"text-align: justify;\"><b>Premios: \u00a0<\/b>Medalla de Oro Grenaches du Monde 2019.\u00a0Medalla de Oro 2017 Grenaches du Monde. Medalla de Oro 2016 Grenaches du Monde.\u00a0100 puntos Parker. Medalla de Oro Perpignan 2014 Garnachas del Mundo<\/p>\n","protected":false},"excerpt":{"rendered":"<p>Variedades de uva:\u00a0100 % Garnacha (vi\u00f1as viejas entre 40 y 65 a\u00f1os). Crianza 20 meses en barricas. Vi\u00f1edos:\u00a0&#8211; Regi\u00f3n:\u00a0D.O. Campo de Borja. Cata:\u00a0Picota granate bien cubierto. De notable complejidad en nariz, con aromas de fruta negra, bals\u00e1micos, agradables tostados y cierto resabio r\u00fastico que imprime car\u00e1cter. Buena estructura en boca, sabroso, se refuerzan con el [&hellip;]<\/p>\n","protected":false},"featured_media":2597,"template":"","meta":{"_exactmetrics_skip_tracking":false,"_exactmetrics_sitenote_active":false,"_exactmetrics_sitenote_note":"","_exactmetrics_sitenote_category":0},"product_brand":[],"product_cat":[78,94,37,73,36],"product_tag":[56],"class_list":{"0":"post-2603","1":"product","2":"type-product","3":"status-publish","4":"has-post-thumbnail","6":"product_cat-vinos-100-garnacha","7":"product_cat-nuestras-sugerencias-de-vinos-unicos","8":"product_cat-tienda-de-vinos","9":"product_cat-vinos-de-aragon","10":"product_cat-vinos-unicos","11":"product_tag-tinto-reserva","13":"first","14":"instock","15":"taxable","16":"shipping-taxable","17":"purchasable","18":"product-type-simple"},"yoast_head":"<!-- This site is optimized with the Yoast SEO plugin v27.0 - https:\/\/yoast.com\/product\/yoast-seo-wordpress\/ -->\n<title>Alto Moncayo - Comprar vino | Arag\u00f3n y Navarra | La Cuba de Baco<\/title>\n<meta name=\"description\" content=\"Comprar vino de Arag\u00f3n | Comprar vino de Navarra\" \/>\n<meta name=\"robots\" content=\"index, follow, max-snippet:-1, max-image-preview:large, max-video-preview:-1\" \/>\n<link rel=\"canonical\" href=\"https:\/\/www.lacubadebaco.com\/bodega\/tiendadevinos\/alto-moncayo-tinto\/\" \/>\n<meta property=\"og:locale\" content=\"es_ES\" \/>\n<meta property=\"og:type\" content=\"article\" \/>\n<meta property=\"og:title\" content=\"Alto Moncayo - Comprar vino | Arag\u00f3n y Navarra | La Cuba de Baco\" \/>\n<meta property=\"og:description\" content=\"Comprar vino de Arag\u00f3n | Comprar vino de Navarra\" \/>\n<meta property=\"og:url\" content=\"https:\/\/www.lacubadebaco.com\/bodega\/tiendadevinos\/alto-moncayo-tinto\/\" \/>\n<meta property=\"og:site_name\" content=\"Comprar vino | Arag\u00f3n y Navarra | La Cuba de Baco\" \/>\n<meta property=\"article:modified_time\" content=\"2022-10-06T18:28:09+00:00\" \/>\n<meta property=\"og:image\" content=\"https:\/\/www.lacubadebaco.com\/bodega\/wp-content\/uploads\/2014\/02\/altomoncayo.png\" \/>\n\t<meta property=\"og:image:width\" content=\"224\" \/>\n\t<meta property=\"og:image:height\" content=\"300\" \/>\n\t<meta property=\"og:image:type\" content=\"image\/png\" \/>\n<meta name=\"twitter:card\" content=\"summary_large_image\" \/>\n<meta name=\"twitter:label1\" content=\"Tiempo de lectura\" \/>\n\t<meta name=\"twitter:data1\" content=\"1 minuto\" \/>\n<script type=\"application\/ld+json\" class=\"yoast-schema-graph\">{\"@context\":\"https:\/\/schema.org\",\"@graph\":[{\"@type\":\"WebPage\",\"@id\":\"https:\/\/www.lacubadebaco.com\/bodega\/tiendadevinos\/alto-moncayo-tinto\/\",\"url\":\"https:\/\/www.lacubadebaco.com\/bodega\/tiendadevinos\/alto-moncayo-tinto\/\",\"name\":\"Alto Moncayo - Comprar vino | Arag\u00f3n y Navarra | La Cuba de Baco\",\"isPartOf\":{\"@id\":\"https:\/\/www.lacubadebaco.com\/bodega\/#website\"},\"primaryImageOfPage\":{\"@id\":\"https:\/\/www.lacubadebaco.com\/bodega\/tiendadevinos\/alto-moncayo-tinto\/#primaryimage\"},\"image\":{\"@id\":\"https:\/\/www.lacubadebaco.com\/bodega\/tiendadevinos\/alto-moncayo-tinto\/#primaryimage\"},\"thumbnailUrl\":\"https:\/\/www.lacubadebaco.com\/bodega\/wp-content\/uploads\/2014\/02\/altomoncayo.png\",\"datePublished\":\"2014-02-05T11:42:03+00:00\",\"dateModified\":\"2022-10-06T18:28:09+00:00\",\"description\":\"Comprar vino de Arag\u00f3n | Comprar vino de Navarra\",\"breadcrumb\":{\"@id\":\"https:\/\/www.lacubadebaco.com\/bodega\/tiendadevinos\/alto-moncayo-tinto\/#breadcrumb\"},\"inLanguage\":\"es\",\"potentialAction\":[{\"@type\":\"ReadAction\",\"target\":[\"https:\/\/www.lacubadebaco.com\/bodega\/tiendadevinos\/alto-moncayo-tinto\/\"]}]},{\"@type\":\"ImageObject\",\"inLanguage\":\"es\",\"@id\":\"https:\/\/www.lacubadebaco.com\/bodega\/tiendadevinos\/alto-moncayo-tinto\/#primaryimage\",\"url\":\"https:\/\/www.lacubadebaco.com\/bodega\/wp-content\/uploads\/2014\/02\/altomoncayo.png\",\"contentUrl\":\"https:\/\/www.lacubadebaco.com\/bodega\/wp-content\/uploads\/2014\/02\/altomoncayo.png\",\"width\":224,\"height\":300,\"caption\":\"Vino de Arag\u00f3n | Campo de Borja | Tinto Reserva | La Cuba de Baco\"},{\"@type\":\"BreadcrumbList\",\"@id\":\"https:\/\/www.lacubadebaco.com\/bodega\/tiendadevinos\/alto-moncayo-tinto\/#breadcrumb\",\"itemListElement\":[{\"@type\":\"ListItem\",\"position\":1,\"name\":\"Portada\",\"item\":\"https:\/\/www.lacubadebaco.com\/bodega\/home-v8-frontpage-shop\/\"},{\"@type\":\"ListItem\",\"position\":2,\"name\":\"Tienda de vinos\",\"item\":\"https:\/\/www.lacubadebaco.com\/bodega\/tiendadevinos\/\"},{\"@type\":\"ListItem\",\"position\":3,\"name\":\"Alto Moncayo\"}]},{\"@type\":\"WebSite\",\"@id\":\"https:\/\/www.lacubadebaco.com\/bodega\/#website\",\"url\":\"https:\/\/www.lacubadebaco.com\/bodega\/\",\"name\":\"Comprar vino | Arag\u00f3n y Navarra | La Cuba de Baco\",\"description\":\"Comprar vino de Arag\u00f3n | Comprar vino de Navarra | Tienda de vino online de Navarra  y Arag\u00f3n | La Cuba de Baco\",\"publisher\":{\"@id\":\"https:\/\/www.lacubadebaco.com\/bodega\/#organization\"},\"potentialAction\":[{\"@type\":\"SearchAction\",\"target\":{\"@type\":\"EntryPoint\",\"urlTemplate\":\"https:\/\/www.lacubadebaco.com\/bodega\/?s={search_term_string}\"},\"query-input\":{\"@type\":\"PropertyValueSpecification\",\"valueRequired\":true,\"valueName\":\"search_term_string\"}}],\"inLanguage\":\"es\"},{\"@type\":\"Organization\",\"@id\":\"https:\/\/www.lacubadebaco.com\/bodega\/#organization\",\"name\":\"La Cuba de Baco\",\"url\":\"https:\/\/www.lacubadebaco.com\/bodega\/\",\"logo\":{\"@type\":\"ImageObject\",\"inLanguage\":\"es\",\"@id\":\"https:\/\/www.lacubadebaco.com\/bodega\/#\/schema\/logo\/image\/\",\"url\":\"https:\/\/www.lacubadebaco.com\/bodega\/wp-content\/uploads\/2014\/01\/logoslider.png\",\"contentUrl\":\"https:\/\/www.lacubadebaco.com\/bodega\/wp-content\/uploads\/2014\/01\/logoslider.png\",\"width\":440,\"height\":256,\"caption\":\"La Cuba de Baco\"},\"image\":{\"@id\":\"https:\/\/www.lacubadebaco.com\/bodega\/#\/schema\/logo\/image\/\"}}]}<\/script>\n<!-- \/ Yoast SEO plugin. -->","yoast_head_json":{"title":"Alto Moncayo - Comprar vino | Arag\u00f3n y Navarra | La Cuba de Baco","description":"Comprar vino de Arag\u00f3n | Comprar vino de Navarra","robots":{"index":"index","follow":"follow","max-snippet":"max-snippet:-1","max-image-preview":"max-image-preview:large","max-video-preview":"max-video-preview:-1"},"canonical":"https:\/\/www.lacubadebaco.com\/bodega\/tiendadevinos\/alto-moncayo-tinto\/","og_locale":"es_ES","og_type":"article","og_title":"Alto Moncayo - Comprar vino | Arag\u00f3n y Navarra | La Cuba de Baco","og_description":"Comprar vino de Arag\u00f3n | Comprar vino de Navarra","og_url":"https:\/\/www.lacubadebaco.com\/bodega\/tiendadevinos\/alto-moncayo-tinto\/","og_site_name":"Comprar vino | Arag\u00f3n y Navarra | La Cuba de Baco","article_modified_time":"2022-10-06T18:28:09+00:00","og_image":[{"width":224,"height":300,"url":"https:\/\/www.lacubadebaco.com\/bodega\/wp-content\/uploads\/2014\/02\/altomoncayo.png","type":"image\/png"}],"twitter_card":"summary_large_image","twitter_misc":{"Tiempo de lectura":"1 minuto"},"schema":{"@context":"https:\/\/schema.org","@graph":[{"@type":"WebPage","@id":"https:\/\/www.lacubadebaco.com\/bodega\/tiendadevinos\/alto-moncayo-tinto\/","url":"https:\/\/www.lacubadebaco.com\/bodega\/tiendadevinos\/alto-moncayo-tinto\/","name":"Alto Moncayo - Comprar vino | Arag\u00f3n y Navarra | La Cuba de Baco","isPartOf":{"@id":"https:\/\/www.lacubadebaco.com\/bodega\/#website"},"primaryImageOfPage":{"@id":"https:\/\/www.lacubadebaco.com\/bodega\/tiendadevinos\/alto-moncayo-tinto\/#primaryimage"},"image":{"@id":"https:\/\/www.lacubadebaco.com\/bodega\/tiendadevinos\/alto-moncayo-tinto\/#primaryimage"},"thumbnailUrl":"https:\/\/www.lacubadebaco.com\/bodega\/wp-content\/uploads\/2014\/02\/altomoncayo.png","datePublished":"2014-02-05T11:42:03+00:00","dateModified":"2022-10-06T18:28:09+00:00","description":"Comprar vino de Arag\u00f3n | Comprar vino de Navarra","breadcrumb":{"@id":"https:\/\/www.lacubadebaco.com\/bodega\/tiendadevinos\/alto-moncayo-tinto\/#breadcrumb"},"inLanguage":"es","potentialAction":[{"@type":"ReadAction","target":["https:\/\/www.lacubadebaco.com\/bodega\/tiendadevinos\/alto-moncayo-tinto\/"]}]},{"@type":"ImageObject","inLanguage":"es","@id":"https:\/\/www.lacubadebaco.com\/bodega\/tiendadevinos\/alto-moncayo-tinto\/#primaryimage","url":"https:\/\/www.lacubadebaco.com\/bodega\/wp-content\/uploads\/2014\/02\/altomoncayo.png","contentUrl":"https:\/\/www.lacubadebaco.com\/bodega\/wp-content\/uploads\/2014\/02\/altomoncayo.png","width":224,"height":300,"caption":"Vino de Arag\u00f3n | Campo de Borja | Tinto Reserva | La Cuba de Baco"},{"@type":"BreadcrumbList","@id":"https:\/\/www.lacubadebaco.com\/bodega\/tiendadevinos\/alto-moncayo-tinto\/#breadcrumb","itemListElement":[{"@type":"ListItem","position":1,"name":"Portada","item":"https:\/\/www.lacubadebaco.com\/bodega\/home-v8-frontpage-shop\/"},{"@type":"ListItem","position":2,"name":"Tienda de vinos","item":"https:\/\/www.lacubadebaco.com\/bodega\/tiendadevinos\/"},{"@type":"ListItem","position":3,"name":"Alto Moncayo"}]},{"@type":"WebSite","@id":"https:\/\/www.lacubadebaco.com\/bodega\/#website","url":"https:\/\/www.lacubadebaco.com\/bodega\/","name":"Comprar vino | Arag\u00f3n y Navarra | La Cuba de Baco","description":"Comprar vino de Arag\u00f3n | Comprar vino de Navarra | Tienda de vino online de Navarra  y Arag\u00f3n | La Cuba de Baco","publisher":{"@id":"https:\/\/www.lacubadebaco.com\/bodega\/#organization"},"potentialAction":[{"@type":"SearchAction","target":{"@type":"EntryPoint","urlTemplate":"https:\/\/www.lacubadebaco.com\/bodega\/?s={search_term_string}"},"query-input":{"@type":"PropertyValueSpecification","valueRequired":true,"valueName":"search_term_string"}}],"inLanguage":"es"},{"@type":"Organization","@id":"https:\/\/www.lacubadebaco.com\/bodega\/#organization","name":"La Cuba de Baco","url":"https:\/\/www.lacubadebaco.com\/bodega\/","logo":{"@type":"ImageObject","inLanguage":"es","@id":"https:\/\/www.lacubadebaco.com\/bodega\/#\/schema\/logo\/image\/","url":"https:\/\/www.lacubadebaco.com\/bodega\/wp-content\/uploads\/2014\/01\/logoslider.png","contentUrl":"https:\/\/www.lacubadebaco.com\/bodega\/wp-content\/uploads\/2014\/01\/logoslider.png","width":440,"height":256,"caption":"La Cuba de Baco"},"image":{"@id":"https:\/\/www.lacubadebaco.com\/bodega\/#\/schema\/logo\/image\/"}}]}},"_links":{"self":[{"href":"https:\/\/www.lacubadebaco.com\/bodega\/wp-json\/wp\/v2\/product\/2603","targetHints":{"allow":["GET"]}}],"collection":[{"href":"https:\/\/www.lacubadebaco.com\/bodega\/wp-json\/wp\/v2\/product"}],"about":[{"href":"https:\/\/www.lacubadebaco.com\/bodega\/wp-json\/wp\/v2\/types\/product"}],"wp:featuredmedia":[{"embeddable":true,"href":"https:\/\/www.lacubadebaco.com\/bodega\/wp-json\/wp\/v2\/media\/2597"}],"wp:attachment":[{"href":"https:\/\/www.lacubadebaco.com\/bodega\/wp-json\/wp\/v2\/media?parent=2603"}],"wp:term":[{"taxonomy":"product_brand","embeddable":true,"href":"https:\/\/www.lacubadebaco.com\/bodega\/wp-json\/wp\/v2\/product_brand?post=2603"},{"taxonomy":"product_cat","embeddable":true,"href":"https:\/\/www.lacubadebaco.com\/bodega\/wp-json\/wp\/v2\/product_cat?post=2603"},{"taxonomy":"product_tag","embeddable":true,"href":"https:\/\/www.lacubadebaco.com\/bodega\/wp-json\/wp\/v2\/product_tag?post=2603"}],"curies":[{"name":"wp","href":"https:\/\/api.w.org\/{rel}","templated":true}]}}

<p style="text-align: justify;"><b>Variedades de uva:</b> 100 % Garnacha (viñas viejas entre 40 y 65 años). Crianza 20 meses en barricas.<i></i></p>
<p style="text-align: justify;"><b>Viñedos: </b>&#8211;</p>
<p style="text-align: justify;"><b>Región: </b>D.O. Campo de Borja.<b></b></p>
<p style="text-align: justify;"><b>Cata: </b>Picota granate bien cubierto. De notable complejidad en nariz, con aromas de fruta negra, balsámicos, agradables tostados y cierto resabio rústico que imprime carácter. Buena estructura en boca, sabroso, se refuerzan con el aporte de la madera de calidad.</p>
<p style="text-align: justify;">Descorche y decantado 40 minutos antes de su consumo.</p>
<p style="text-align: justify;"><strong>Guía Peñín 2020</strong>: 95 puntos. Podio Guía Peñín.</p>
<p style="text-align: justify;"><b>Premios:  </b>Medalla de Oro Grenaches du Monde 2019. Medalla de Oro 2017 Grenaches du Monde. Medalla de Oro 2016 Grenaches du Monde. 100 puntos Parker. Medalla de Oro Perpignan 2014 Garnachas del Mundo</p>

<p>Variedades de uva: 100 % Garnacha (viñas viejas entre 40 y 65 años). Crianza 20 meses en barricas. Viñedos: &#8211; Región: D.O. Campo de Borja. Cata: Picota granate bien cubierto. De notable complejidad en nariz, con aromas de fruta negra, balsámicos, agradables tostados y cierto resabio rústico que imprime carácter. Buena estructura en boca, sabroso, se refuerzan con el [&hellip;]</p>

<!-- This site is optimized with the Yoast SEO plugin v27.0 - https://yoast.com/product/yoast-seo-wordpress/ -->
<title>Alto Moncayo - Comprar vino | Aragón y Navarra | La Cuba de Baco</title>
<meta name="description" content="Comprar vino de Aragón | Comprar vino de Navarra" />
<meta name="robots" content="index, follow, max-snippet:-1, max-image-preview:large, max-video-preview:-1" />
<link rel="canonical" href="https://www.lacubadebaco.com/bodega/tiendadevinos/alto-moncayo-tinto/" />
<meta property="og:locale" content="es_ES" />
<meta property="og:type" content="article" />
<meta property="og:title" content="Alto Moncayo - Comprar vino | Aragón y Navarra | La Cuba de Baco" />
<meta property="og:description" content="Comprar vino de Aragón | Comprar vino de Navarra" />
<meta property="og:url" content="https://www.lacubadebaco.com/bodega/tiendadevinos/alto-moncayo-tinto/" />
<meta property="og:site_name" content="Comprar vino | Aragón y Navarra | La Cuba de Baco" />
<meta property="article:modified_time" content="2022-10-06T18:28:09+00:00" />
<meta property="og:image" content="https://www.lacubadebaco.com/bodega/wp-content/uploads/2014/02/altomoncayo.png" />
	<meta property="og:image:width" content="224" />
	<meta property="og:image:height" content="300" />
	<meta property="og:image:type" content="image/png" />
<meta name="twitter:card" content="summary_large_image" />
<meta name="twitter:label1" content="Tiempo de lectura" />
	<meta name="twitter:data1" content="1 minuto" />
<script type="application/ld+json" class="yoast-schema-graph">{"@context":"https://schema.org","@graph":[{"@type":"WebPage","@id":"https://www.lacubadebaco.com/bodega/tiendadevinos/alto-moncayo-tinto/","url":"https://www.lacubadebaco.com/bodega/tiendadevinos/alto-moncayo-tinto/","name":"Alto Moncayo - Comprar vino | Aragón y Navarra | La Cuba de Baco","isPartOf":{"@id":"https://www.lacubadebaco.com/bodega/#website"},"primaryImageOfPage":{"@id":"https://www.lacubadebaco.com/bodega/tiendadevinos/alto-moncayo-tinto/#primaryimage"},"image":{"@id":"https://www.lacubadebaco.com/bodega/tiendadevinos/alto-moncayo-tinto/#primaryimage"},"thumbnailUrl":"https://www.lacubadebaco.com/bodega/wp-content/uploads/2014/02/altomoncayo.png","datePublished":"2014-02-05T11:42:03+00:00","dateModified":"2022-10-06T18:28:09+00:00","description":"Comprar vino de Aragón | Comprar vino de Navarra","breadcrumb":{"@id":"https://www.lacubadebaco.com/bodega/tiendadevinos/alto-moncayo-tinto/#breadcrumb"},"inLanguage":"es","potentialAction":[{"@type":"ReadAction","target":["https://www.lacubadebaco.com/bodega/tiendadevinos/alto-moncayo-tinto/"]}]},{"@type":"ImageObject","inLanguage":"es","@id":"https://www.lacubadebaco.com/bodega/tiendadevinos/alto-moncayo-tinto/#primaryimage","url":"https://www.lacubadebaco.com/bodega/wp-content/uploads/2014/02/altomoncayo.png","contentUrl":"https://www.lacubadebaco.com/bodega/wp-content/uploads/2014/02/altomoncayo.png","width":224,"height":300,"caption":"Vino de Aragón | Campo de Borja | Tinto Reserva | La Cuba de Baco"},{"@type":"BreadcrumbList","@id":"https://www.lacubadebaco.com/bodega/tiendadevinos/alto-moncayo-tinto/#breadcrumb","itemListElement":[{"@type":"ListItem","position":1,"name":"Portada","item":"https://www.lacubadebaco.com/bodega/home-v8-frontpage-shop/"},{"@type":"ListItem","position":2,"name":"Tienda de vinos","item":"https://www.lacubadebaco.com/bodega/tiendadevinos/"},{"@type":"ListItem","position":3,"name":"Alto Moncayo"}]},{"@type":"WebSite","@id":"https://www.lacubadebaco.com/bodega/#website","url":"https://www.lacubadebaco.com/bodega/","name":"Comprar vino | Aragón y Navarra | La Cuba de Baco","description":"Comprar vino de Aragón | Comprar vino de Navarra | Tienda de vino online de Navarra  y Aragón | La Cuba de Baco","publisher":{"@id":"https://www.lacubadebaco.com/bodega/#organization"},"potentialAction":[{"@type":"SearchAction","target":{"@type":"EntryPoint","urlTemplate":"https://www.lacubadebaco.com/bodega/?s={search_term_string}"},"query-input":{"@type":"PropertyValueSpecification","valueRequired":true,"valueName":"search_term_string"}}],"inLanguage":"es"},{"@type":"Organization","@id":"https://www.lacubadebaco.com/bodega/#organization","name":"La Cuba de Baco","url":"https://www.lacubadebaco.com/bodega/","logo":{"@type":"ImageObject","inLanguage":"es","@id":"https://www.lacubadebaco.com/bodega/#/schema/logo/image/","url":"https://www.lacubadebaco.com/bodega/wp-content/uploads/2014/01/logoslider.png","contentUrl":"https://www.lacubadebaco.com/bodega/wp-content/uploads/2014/01/logoslider.png","width":440,"height":256,"caption":"La Cuba de Baco"},"image":{"@id":"https://www.lacubadebaco.com/bodega/#/schema/logo/image/"}}]}</script>
<!-- / Yoast SEO plugin. -->

Alto Moncayo - Comprar vino | Aragón y Navarra | La Cuba de Baco

Comprar vino de Aragón | Comprar vino de Navarra

Comprar vino | Aragón y Navarra | La Cuba de Baco

Vino de Aragón | Campo de Borja | Tinto Reserva | La Cuba de Baco

Comprar vino de Aragón | Comprar vino de Navarra | Tienda de vino online de Navarra  y Aragón | La Cuba de Baco
