{"id":3908,"date":"2016-05-08T21:42:20","date_gmt":"2016-05-08T19:42:20","guid":{"rendered":"http:\/\/www.lacubadebaco.com\/bodega\/?post_type=product&#038;p=3908"},"modified":"2026-02-20T19:47:42","modified_gmt":"2026-02-20T18:47:42","slug":"guerinda-el-maximo","status":"publish","type":"product","link":"https:\/\/www.lacubadebaco.com\/bodega\/tiendadevinos\/guerinda-el-maximo\/","title":{"rendered":"Guerinda El M\u00e1ximo"},"content":{"rendered":"<p><b>Variedades de uva:<\/b>\u00a060 % Garnacha, 30 % Merlot y 10 % Cabernet-Sauvingnon.<\/p>\n<p><b>Vi\u00f1edos:\u00a0<\/b>Parcelas de \u201cVallervitos\u201d situadas en laderas de la sierra Guerinda, entre 600 y 700 m. de altitud. Cultivo tradicional de monta\u00f1a, en secano y de bajas producciones.<\/p>\n<p><b>Regi\u00f3n:\u00a0<\/b>D. O. Navarra.<\/p>\n<p><b>Cata: <\/b>Color rojo rub\u00ed brillante, con ribete muy vivo y capa alta. En nariz, frutas silvestres y cerezas mezcladas con confitura de higo y ciruela. Se combinan con aromas m\u00e1s frescos que nos trasladan al terru\u00f1o de la baja monta\u00f1a (romero y otras plantas arom\u00e1ticas). Fondo especiado: pimienta negra, vainilla y canela.<\/p>\n<p>Entra en la boca suave y destaca su gran elegancia, con unos taninos finos y d\u00f3ciles y un final largo, sabroso y con mucha personalidad.<\/p>\n<p><b>Gu\u00eda Pe\u00f1\u00edn 2020: <\/b>90 puntos y 5* excelente relaci\u00f3n calidad \u2013 precio.<\/p>\n<p><b>Premios: <\/b>Medalla de Oro en el Concursos Mundial de Bruselas.<\/p>\n","protected":false},"excerpt":{"rendered":"<p>Variedades de uva:\u00a060 % Garnacha, 30 % Merlot y 10 % Cabernet-Sauvingnon. Vi\u00f1edos:\u00a0Parcelas de \u201cVallervitos\u201d situadas en laderas de la sierra Guerinda, entre 600 y 700 m. de altitud. Cultivo tradicional de monta\u00f1a, en secano y de bajas producciones. Regi\u00f3n:\u00a0D. O. Navarra. Cata: Color rojo rub\u00ed brillante, con ribete muy vivo y capa alta. En [&hellip;]<\/p>\n","protected":false},"featured_media":4625,"template":"","meta":{"_exactmetrics_skip_tracking":false,"_exactmetrics_sitenote_active":false,"_exactmetrics_sitenote_note":"","_exactmetrics_sitenote_category":0},"product_brand":[],"product_cat":[37,72],"product_tag":[55],"class_list":{"0":"post-3908","1":"product","2":"type-product","3":"status-publish","4":"has-post-thumbnail","6":"product_cat-tienda-de-vinos","7":"product_cat-vinos-de-navarra","8":"product_tag-tinto-crianza","10":"first","11":"instock","12":"taxable","13":"shipping-taxable","14":"purchasable","15":"product-type-simple"},"yoast_head":"<!-- This site is optimized with the Yoast SEO plugin v27.0 - https:\/\/yoast.com\/product\/yoast-seo-wordpress\/ -->\n<title>Guerinda El M\u00e1ximo - Comprar vino | Arag\u00f3n y Navarra | La Cuba de Baco<\/title>\n<meta name=\"description\" content=\"Comprar vino de Arag\u00f3n | Comprar vino de Navarra\" \/>\n<meta name=\"robots\" content=\"index, follow, max-snippet:-1, max-image-preview:large, max-video-preview:-1\" \/>\n<link rel=\"canonical\" href=\"https:\/\/www.lacubadebaco.com\/bodega\/tiendadevinos\/guerinda-el-maximo\/\" \/>\n<meta property=\"og:locale\" content=\"es_ES\" \/>\n<meta property=\"og:type\" content=\"article\" \/>\n<meta property=\"og:title\" content=\"Guerinda El M\u00e1ximo - Comprar vino | Arag\u00f3n y Navarra | La Cuba de Baco\" \/>\n<meta property=\"og:description\" content=\"Comprar vino de Arag\u00f3n | Comprar vino de Navarra\" \/>\n<meta property=\"og:url\" content=\"https:\/\/www.lacubadebaco.com\/bodega\/tiendadevinos\/guerinda-el-maximo\/\" \/>\n<meta property=\"og:site_name\" content=\"Comprar vino | Arag\u00f3n y Navarra | La Cuba de Baco\" \/>\n<meta property=\"article:modified_time\" content=\"2026-02-20T18:47:42+00:00\" \/>\n<meta property=\"og:image\" content=\"https:\/\/www.lacubadebaco.com\/bodega\/wp-content\/uploads\/2019\/03\/Tinto-Crianza-El-M\u00e1ximo.png\" \/>\n\t<meta property=\"og:image:width\" content=\"224\" \/>\n\t<meta property=\"og:image:height\" content=\"300\" \/>\n\t<meta property=\"og:image:type\" content=\"image\/png\" \/>\n<meta name=\"twitter:card\" content=\"summary_large_image\" \/>\n<meta name=\"twitter:label1\" content=\"Tiempo de lectura\" \/>\n\t<meta name=\"twitter:data1\" content=\"1 minuto\" \/>\n<script type=\"application\/ld+json\" class=\"yoast-schema-graph\">{\"@context\":\"https:\/\/schema.org\",\"@graph\":[{\"@type\":\"WebPage\",\"@id\":\"https:\/\/www.lacubadebaco.com\/bodega\/tiendadevinos\/guerinda-el-maximo\/\",\"url\":\"https:\/\/www.lacubadebaco.com\/bodega\/tiendadevinos\/guerinda-el-maximo\/\",\"name\":\"Guerinda El M\u00e1ximo - Comprar vino | Arag\u00f3n y Navarra | La Cuba de Baco\",\"isPartOf\":{\"@id\":\"https:\/\/www.lacubadebaco.com\/bodega\/#website\"},\"primaryImageOfPage\":{\"@id\":\"https:\/\/www.lacubadebaco.com\/bodega\/tiendadevinos\/guerinda-el-maximo\/#primaryimage\"},\"image\":{\"@id\":\"https:\/\/www.lacubadebaco.com\/bodega\/tiendadevinos\/guerinda-el-maximo\/#primaryimage\"},\"thumbnailUrl\":\"https:\/\/www.lacubadebaco.com\/bodega\/wp-content\/uploads\/2019\/03\/Tinto-Crianza-El-M\u00e1ximo.png\",\"datePublished\":\"2016-05-08T19:42:20+00:00\",\"dateModified\":\"2026-02-20T18:47:42+00:00\",\"description\":\"Comprar vino de Arag\u00f3n | Comprar vino de Navarra\",\"breadcrumb\":{\"@id\":\"https:\/\/www.lacubadebaco.com\/bodega\/tiendadevinos\/guerinda-el-maximo\/#breadcrumb\"},\"inLanguage\":\"es\",\"potentialAction\":[{\"@type\":\"ReadAction\",\"target\":[\"https:\/\/www.lacubadebaco.com\/bodega\/tiendadevinos\/guerinda-el-maximo\/\"]}]},{\"@type\":\"ImageObject\",\"inLanguage\":\"es\",\"@id\":\"https:\/\/www.lacubadebaco.com\/bodega\/tiendadevinos\/guerinda-el-maximo\/#primaryimage\",\"url\":\"https:\/\/www.lacubadebaco.com\/bodega\/wp-content\/uploads\/2019\/03\/Tinto-Crianza-El-M\u00e1ximo.png\",\"contentUrl\":\"https:\/\/www.lacubadebaco.com\/bodega\/wp-content\/uploads\/2019\/03\/Tinto-Crianza-El-M\u00e1ximo.png\",\"width\":224,\"height\":300,\"caption\":\"Vino de Navarra | Tinto Crianza | La Cuba de Baco\"},{\"@type\":\"BreadcrumbList\",\"@id\":\"https:\/\/www.lacubadebaco.com\/bodega\/tiendadevinos\/guerinda-el-maximo\/#breadcrumb\",\"itemListElement\":[{\"@type\":\"ListItem\",\"position\":1,\"name\":\"Portada\",\"item\":\"https:\/\/www.lacubadebaco.com\/bodega\/home-v8-frontpage-shop\/\"},{\"@type\":\"ListItem\",\"position\":2,\"name\":\"Tienda de vinos\",\"item\":\"https:\/\/www.lacubadebaco.com\/bodega\/tiendadevinos\/\"},{\"@type\":\"ListItem\",\"position\":3,\"name\":\"Guerinda El M\u00e1ximo\"}]},{\"@type\":\"WebSite\",\"@id\":\"https:\/\/www.lacubadebaco.com\/bodega\/#website\",\"url\":\"https:\/\/www.lacubadebaco.com\/bodega\/\",\"name\":\"Comprar vino | Arag\u00f3n y Navarra | La Cuba de Baco\",\"description\":\"Comprar vino de Arag\u00f3n | Comprar vino de Navarra | Tienda de vino online de Navarra  y Arag\u00f3n | La Cuba de Baco\",\"publisher\":{\"@id\":\"https:\/\/www.lacubadebaco.com\/bodega\/#organization\"},\"potentialAction\":[{\"@type\":\"SearchAction\",\"target\":{\"@type\":\"EntryPoint\",\"urlTemplate\":\"https:\/\/www.lacubadebaco.com\/bodega\/?s={search_term_string}\"},\"query-input\":{\"@type\":\"PropertyValueSpecification\",\"valueRequired\":true,\"valueName\":\"search_term_string\"}}],\"inLanguage\":\"es\"},{\"@type\":\"Organization\",\"@id\":\"https:\/\/www.lacubadebaco.com\/bodega\/#organization\",\"name\":\"La Cuba de Baco\",\"url\":\"https:\/\/www.lacubadebaco.com\/bodega\/\",\"logo\":{\"@type\":\"ImageObject\",\"inLanguage\":\"es\",\"@id\":\"https:\/\/www.lacubadebaco.com\/bodega\/#\/schema\/logo\/image\/\",\"url\":\"https:\/\/www.lacubadebaco.com\/bodega\/wp-content\/uploads\/2014\/01\/logoslider.png\",\"contentUrl\":\"https:\/\/www.lacubadebaco.com\/bodega\/wp-content\/uploads\/2014\/01\/logoslider.png\",\"width\":440,\"height\":256,\"caption\":\"La Cuba de Baco\"},\"image\":{\"@id\":\"https:\/\/www.lacubadebaco.com\/bodega\/#\/schema\/logo\/image\/\"}}]}<\/script>\n<!-- \/ Yoast SEO plugin. -->","yoast_head_json":{"title":"Guerinda El M\u00e1ximo - Comprar vino | Arag\u00f3n y Navarra | La Cuba de Baco","description":"Comprar vino de Arag\u00f3n | Comprar vino de Navarra","robots":{"index":"index","follow":"follow","max-snippet":"max-snippet:-1","max-image-preview":"max-image-preview:large","max-video-preview":"max-video-preview:-1"},"canonical":"https:\/\/www.lacubadebaco.com\/bodega\/tiendadevinos\/guerinda-el-maximo\/","og_locale":"es_ES","og_type":"article","og_title":"Guerinda El M\u00e1ximo - Comprar vino | Arag\u00f3n y Navarra | La Cuba de Baco","og_description":"Comprar vino de Arag\u00f3n | Comprar vino de Navarra","og_url":"https:\/\/www.lacubadebaco.com\/bodega\/tiendadevinos\/guerinda-el-maximo\/","og_site_name":"Comprar vino | Arag\u00f3n y Navarra | La Cuba de Baco","article_modified_time":"2026-02-20T18:47:42+00:00","og_image":[{"width":224,"height":300,"url":"https:\/\/www.lacubadebaco.com\/bodega\/wp-content\/uploads\/2019\/03\/Tinto-Crianza-El-M\u00e1ximo.png","type":"image\/png"}],"twitter_card":"summary_large_image","twitter_misc":{"Tiempo de lectura":"1 minuto"},"schema":{"@context":"https:\/\/schema.org","@graph":[{"@type":"WebPage","@id":"https:\/\/www.lacubadebaco.com\/bodega\/tiendadevinos\/guerinda-el-maximo\/","url":"https:\/\/www.lacubadebaco.com\/bodega\/tiendadevinos\/guerinda-el-maximo\/","name":"Guerinda El M\u00e1ximo - Comprar vino | Arag\u00f3n y Navarra | La Cuba de Baco","isPartOf":{"@id":"https:\/\/www.lacubadebaco.com\/bodega\/#website"},"primaryImageOfPage":{"@id":"https:\/\/www.lacubadebaco.com\/bodega\/tiendadevinos\/guerinda-el-maximo\/#primaryimage"},"image":{"@id":"https:\/\/www.lacubadebaco.com\/bodega\/tiendadevinos\/guerinda-el-maximo\/#primaryimage"},"thumbnailUrl":"https:\/\/www.lacubadebaco.com\/bodega\/wp-content\/uploads\/2019\/03\/Tinto-Crianza-El-M\u00e1ximo.png","datePublished":"2016-05-08T19:42:20+00:00","dateModified":"2026-02-20T18:47:42+00:00","description":"Comprar vino de Arag\u00f3n | Comprar vino de Navarra","breadcrumb":{"@id":"https:\/\/www.lacubadebaco.com\/bodega\/tiendadevinos\/guerinda-el-maximo\/#breadcrumb"},"inLanguage":"es","potentialAction":[{"@type":"ReadAction","target":["https:\/\/www.lacubadebaco.com\/bodega\/tiendadevinos\/guerinda-el-maximo\/"]}]},{"@type":"ImageObject","inLanguage":"es","@id":"https:\/\/www.lacubadebaco.com\/bodega\/tiendadevinos\/guerinda-el-maximo\/#primaryimage","url":"https:\/\/www.lacubadebaco.com\/bodega\/wp-content\/uploads\/2019\/03\/Tinto-Crianza-El-M\u00e1ximo.png","contentUrl":"https:\/\/www.lacubadebaco.com\/bodega\/wp-content\/uploads\/2019\/03\/Tinto-Crianza-El-M\u00e1ximo.png","width":224,"height":300,"caption":"Vino de Navarra | Tinto Crianza | La Cuba de Baco"},{"@type":"BreadcrumbList","@id":"https:\/\/www.lacubadebaco.com\/bodega\/tiendadevinos\/guerinda-el-maximo\/#breadcrumb","itemListElement":[{"@type":"ListItem","position":1,"name":"Portada","item":"https:\/\/www.lacubadebaco.com\/bodega\/home-v8-frontpage-shop\/"},{"@type":"ListItem","position":2,"name":"Tienda de vinos","item":"https:\/\/www.lacubadebaco.com\/bodega\/tiendadevinos\/"},{"@type":"ListItem","position":3,"name":"Guerinda El M\u00e1ximo"}]},{"@type":"WebSite","@id":"https:\/\/www.lacubadebaco.com\/bodega\/#website","url":"https:\/\/www.lacubadebaco.com\/bodega\/","name":"Comprar vino | Arag\u00f3n y Navarra | La Cuba de Baco","description":"Comprar vino de Arag\u00f3n | Comprar vino de Navarra | Tienda de vino online de Navarra  y Arag\u00f3n | La Cuba de Baco","publisher":{"@id":"https:\/\/www.lacubadebaco.com\/bodega\/#organization"},"potentialAction":[{"@type":"SearchAction","target":{"@type":"EntryPoint","urlTemplate":"https:\/\/www.lacubadebaco.com\/bodega\/?s={search_term_string}"},"query-input":{"@type":"PropertyValueSpecification","valueRequired":true,"valueName":"search_term_string"}}],"inLanguage":"es"},{"@type":"Organization","@id":"https:\/\/www.lacubadebaco.com\/bodega\/#organization","name":"La Cuba de Baco","url":"https:\/\/www.lacubadebaco.com\/bodega\/","logo":{"@type":"ImageObject","inLanguage":"es","@id":"https:\/\/www.lacubadebaco.com\/bodega\/#\/schema\/logo\/image\/","url":"https:\/\/www.lacubadebaco.com\/bodega\/wp-content\/uploads\/2014\/01\/logoslider.png","contentUrl":"https:\/\/www.lacubadebaco.com\/bodega\/wp-content\/uploads\/2014\/01\/logoslider.png","width":440,"height":256,"caption":"La Cuba de Baco"},"image":{"@id":"https:\/\/www.lacubadebaco.com\/bodega\/#\/schema\/logo\/image\/"}}]}},"_links":{"self":[{"href":"https:\/\/www.lacubadebaco.com\/bodega\/wp-json\/wp\/v2\/product\/3908","targetHints":{"allow":["GET"]}}],"collection":[{"href":"https:\/\/www.lacubadebaco.com\/bodega\/wp-json\/wp\/v2\/product"}],"about":[{"href":"https:\/\/www.lacubadebaco.com\/bodega\/wp-json\/wp\/v2\/types\/product"}],"wp:featuredmedia":[{"embeddable":true,"href":"https:\/\/www.lacubadebaco.com\/bodega\/wp-json\/wp\/v2\/media\/4625"}],"wp:attachment":[{"href":"https:\/\/www.lacubadebaco.com\/bodega\/wp-json\/wp\/v2\/media?parent=3908"}],"wp:term":[{"taxonomy":"product_brand","embeddable":true,"href":"https:\/\/www.lacubadebaco.com\/bodega\/wp-json\/wp\/v2\/product_brand?post=3908"},{"taxonomy":"product_cat","embeddable":true,"href":"https:\/\/www.lacubadebaco.com\/bodega\/wp-json\/wp\/v2\/product_cat?post=3908"},{"taxonomy":"product_tag","embeddable":true,"href":"https:\/\/www.lacubadebaco.com\/bodega\/wp-json\/wp\/v2\/product_tag?post=3908"}],"curies":[{"name":"wp","href":"https:\/\/api.w.org\/{rel}","templated":true}]}}

Guerinda El Máximo

<p><b>Variedades de uva:</b> 60 % Garnacha, 30 % Merlot y 10 % Cabernet-Sauvingnon.</p>
<p><b>Viñedos: </b>Parcelas de “Vallervitos” situadas en laderas de la sierra Guerinda, entre 600 y 700 m. de altitud. Cultivo tradicional de montaña, en secano y de bajas producciones.</p>
<p><b>Región: </b>D. O. Navarra.</p>
<p><b>Cata: </b>Color rojo rubí brillante, con ribete muy vivo y capa alta. En nariz, frutas silvestres y cerezas mezcladas con confitura de higo y ciruela. Se combinan con aromas más frescos que nos trasladan al terruño de la baja montaña (romero y otras plantas aromáticas). Fondo especiado: pimienta negra, vainilla y canela.</p>
<p>Entra en la boca suave y destaca su gran elegancia, con unos taninos finos y dóciles y un final largo, sabroso y con mucha personalidad.</p>
<p><b>Guía Peñín 2020: </b>90 puntos y 5* excelente relación calidad – precio.</p>
<p><b>Premios: </b>Medalla de Oro en el Concursos Mundial de Bruselas.</p>

<p>Variedades de uva: 60 % Garnacha, 30 % Merlot y 10 % Cabernet-Sauvingnon. Viñedos: Parcelas de “Vallervitos” situadas en laderas de la sierra Guerinda, entre 600 y 700 m. de altitud. Cultivo tradicional de montaña, en secano y de bajas producciones. Región: D. O. Navarra. Cata: Color rojo rubí brillante, con ribete muy vivo y capa alta. En [&hellip;]</p>

<!-- This site is optimized with the Yoast SEO plugin v27.0 - https://yoast.com/product/yoast-seo-wordpress/ -->
<title>Guerinda El Máximo - Comprar vino | Aragón y Navarra | La Cuba de Baco</title>
<meta name="description" content="Comprar vino de Aragón | Comprar vino de Navarra" />
<meta name="robots" content="index, follow, max-snippet:-1, max-image-preview:large, max-video-preview:-1" />
<link rel="canonical" href="https://www.lacubadebaco.com/bodega/tiendadevinos/guerinda-el-maximo/" />
<meta property="og:locale" content="es_ES" />
<meta property="og:type" content="article" />
<meta property="og:title" content="Guerinda El Máximo - Comprar vino | Aragón y Navarra | La Cuba de Baco" />
<meta property="og:description" content="Comprar vino de Aragón | Comprar vino de Navarra" />
<meta property="og:url" content="https://www.lacubadebaco.com/bodega/tiendadevinos/guerinda-el-maximo/" />
<meta property="og:site_name" content="Comprar vino | Aragón y Navarra | La Cuba de Baco" />
<meta property="article:modified_time" content="2026-02-20T18:47:42+00:00" />
<meta property="og:image" content="https://www.lacubadebaco.com/bodega/wp-content/uploads/2019/03/Tinto-Crianza-El-Máximo.png" />
	<meta property="og:image:width" content="224" />
	<meta property="og:image:height" content="300" />
	<meta property="og:image:type" content="image/png" />
<meta name="twitter:card" content="summary_large_image" />
<meta name="twitter:label1" content="Tiempo de lectura" />
	<meta name="twitter:data1" content="1 minuto" />
<script type="application/ld+json" class="yoast-schema-graph">{"@context":"https://schema.org","@graph":[{"@type":"WebPage","@id":"https://www.lacubadebaco.com/bodega/tiendadevinos/guerinda-el-maximo/","url":"https://www.lacubadebaco.com/bodega/tiendadevinos/guerinda-el-maximo/","name":"Guerinda El Máximo - Comprar vino | Aragón y Navarra | La Cuba de Baco","isPartOf":{"@id":"https://www.lacubadebaco.com/bodega/#website"},"primaryImageOfPage":{"@id":"https://www.lacubadebaco.com/bodega/tiendadevinos/guerinda-el-maximo/#primaryimage"},"image":{"@id":"https://www.lacubadebaco.com/bodega/tiendadevinos/guerinda-el-maximo/#primaryimage"},"thumbnailUrl":"https://www.lacubadebaco.com/bodega/wp-content/uploads/2019/03/Tinto-Crianza-El-Máximo.png","datePublished":"2016-05-08T19:42:20+00:00","dateModified":"2026-02-20T18:47:42+00:00","description":"Comprar vino de Aragón | Comprar vino de Navarra","breadcrumb":{"@id":"https://www.lacubadebaco.com/bodega/tiendadevinos/guerinda-el-maximo/#breadcrumb"},"inLanguage":"es","potentialAction":[{"@type":"ReadAction","target":["https://www.lacubadebaco.com/bodega/tiendadevinos/guerinda-el-maximo/"]}]},{"@type":"ImageObject","inLanguage":"es","@id":"https://www.lacubadebaco.com/bodega/tiendadevinos/guerinda-el-maximo/#primaryimage","url":"https://www.lacubadebaco.com/bodega/wp-content/uploads/2019/03/Tinto-Crianza-El-Máximo.png","contentUrl":"https://www.lacubadebaco.com/bodega/wp-content/uploads/2019/03/Tinto-Crianza-El-Máximo.png","width":224,"height":300,"caption":"Vino de Navarra | Tinto Crianza | La Cuba de Baco"},{"@type":"BreadcrumbList","@id":"https://www.lacubadebaco.com/bodega/tiendadevinos/guerinda-el-maximo/#breadcrumb","itemListElement":[{"@type":"ListItem","position":1,"name":"Portada","item":"https://www.lacubadebaco.com/bodega/home-v8-frontpage-shop/"},{"@type":"ListItem","position":2,"name":"Tienda de vinos","item":"https://www.lacubadebaco.com/bodega/tiendadevinos/"},{"@type":"ListItem","position":3,"name":"Guerinda El Máximo"}]},{"@type":"WebSite","@id":"https://www.lacubadebaco.com/bodega/#website","url":"https://www.lacubadebaco.com/bodega/","name":"Comprar vino | Aragón y Navarra | La Cuba de Baco","description":"Comprar vino de Aragón | Comprar vino de Navarra | Tienda de vino online de Navarra  y Aragón | La Cuba de Baco","publisher":{"@id":"https://www.lacubadebaco.com/bodega/#organization"},"potentialAction":[{"@type":"SearchAction","target":{"@type":"EntryPoint","urlTemplate":"https://www.lacubadebaco.com/bodega/?s={search_term_string}"},"query-input":{"@type":"PropertyValueSpecification","valueRequired":true,"valueName":"search_term_string"}}],"inLanguage":"es"},{"@type":"Organization","@id":"https://www.lacubadebaco.com/bodega/#organization","name":"La Cuba de Baco","url":"https://www.lacubadebaco.com/bodega/","logo":{"@type":"ImageObject","inLanguage":"es","@id":"https://www.lacubadebaco.com/bodega/#/schema/logo/image/","url":"https://www.lacubadebaco.com/bodega/wp-content/uploads/2014/01/logoslider.png","contentUrl":"https://www.lacubadebaco.com/bodega/wp-content/uploads/2014/01/logoslider.png","width":440,"height":256,"caption":"La Cuba de Baco"},"image":{"@id":"https://www.lacubadebaco.com/bodega/#/schema/logo/image/"}}]}</script>
<!-- / Yoast SEO plugin. -->

Guerinda El Máximo - Comprar vino | Aragón y Navarra | La Cuba de Baco

Comprar vino de Aragón | Comprar vino de Navarra

Comprar vino | Aragón y Navarra | La Cuba de Baco

https://www.lacubadebaco.com/bodega/wp-content/uploads/2019/03/Tinto-Crianza-El-Máximo.png

Comprar vino de Aragón | Comprar vino de Navarra | Tienda de vino online de Navarra  y Aragón | La Cuba de Baco
