{"id":6603,"date":"2022-05-16T14:27:45","date_gmt":"2022-05-16T12:27:45","guid":{"rendered":"https:\/\/www.lacubadebaco.com\/bodega\/?post_type=product&#038;p=6603"},"modified":"2025-04-02T00:21:02","modified_gmt":"2025-04-01T22:21:02","slug":"essential-gin-premium-cabecita-loca","status":"publish","type":"product","link":"https:\/\/www.lacubadebaco.com\/bodega\/tiendadevinos\/essential-gin-premium-cabecita-loca\/","title":{"rendered":"Essential Gin Premium Cabecita Loca"},"content":{"rendered":"<p><strong>Regi\u00f3n:\u00a0<\/strong>Barbastro &#8211; Huesca.<\/p>\n<p><strong>Cata:\u00a0<\/strong>Es una ginebra seca elaborada mediante una selecci\u00f3n de destilados v\u00ednicos macerados con bayas de enebro, coriandro y cortezas de c\u00edtricos entre otros.<\/p>\n<p>El alcohol de uva le aporta suavidad, redondez y elegancia.<\/p>\n<p>Se trata de una ginebra cl\u00e1sica, donde predominan los aromas de enebro, con sutiles notas de lim\u00f3n y naranja amarga.<\/p>\n<p>Se recomienda acompa\u00f1ar con t\u00f3nica neutra de suave burbuja o bien beberla al natural.<\/p>\n<p><strong>Premios:\u00a0<\/strong>Medalla de Bronce IWSC Londres 2019.<\/p>\n<p>&nbsp;<\/p>\n","protected":false},"excerpt":{"rendered":"<p>Regi\u00f3n:\u00a0Barbastro &#8211; Huesca. Cata:\u00a0Es una ginebra seca elaborada mediante una selecci\u00f3n de destilados v\u00ednicos macerados con bayas de enebro, coriandro y cortezas de c\u00edtricos entre otros. El alcohol de uva le aporta suavidad, redondez y elegancia. Se trata de una ginebra cl\u00e1sica, donde predominan los aromas de enebro, con sutiles notas de lim\u00f3n y naranja [&hellip;]<\/p>\n","protected":false},"featured_media":6929,"template":"","meta":{"_exactmetrics_skip_tracking":false,"_exactmetrics_sitenote_active":false,"_exactmetrics_sitenote_note":"","_exactmetrics_sitenote_category":0},"product_brand":[],"product_cat":[37],"product_tag":[121],"class_list":{"0":"post-6603","1":"product","2":"type-product","3":"status-publish","4":"has-post-thumbnail","6":"product_cat-tienda-de-vinos","7":"product_tag-ginebra","9":"first","10":"instock","11":"taxable","12":"shipping-taxable","13":"purchasable","14":"product-type-simple"},"yoast_head":"<!-- This site is optimized with the Yoast SEO plugin v27.0 - https:\/\/yoast.com\/product\/yoast-seo-wordpress\/ -->\n<title>Essential Gin Premium Cabecita Loca - Comprar vino | Arag\u00f3n y Navarra | La Cuba de Baco<\/title>\n<meta name=\"description\" content=\"Comprar vino de Arag\u00f3n | Comprar vino de Navarra\" \/>\n<meta name=\"robots\" content=\"index, follow, max-snippet:-1, max-image-preview:large, max-video-preview:-1\" \/>\n<link rel=\"canonical\" href=\"https:\/\/www.lacubadebaco.com\/bodega\/tiendadevinos\/essential-gin-premium-cabecita-loca\/\" \/>\n<meta property=\"og:locale\" content=\"es_ES\" \/>\n<meta property=\"og:type\" content=\"article\" \/>\n<meta property=\"og:title\" content=\"Essential Gin Premium Cabecita Loca - Comprar vino | Arag\u00f3n y Navarra | La Cuba de Baco\" \/>\n<meta property=\"og:description\" content=\"Comprar vino de Arag\u00f3n | Comprar vino de Navarra\" \/>\n<meta property=\"og:url\" content=\"https:\/\/www.lacubadebaco.com\/bodega\/tiendadevinos\/essential-gin-premium-cabecita-loca\/\" \/>\n<meta property=\"og:site_name\" content=\"Comprar vino | Arag\u00f3n y Navarra | La Cuba de Baco\" \/>\n<meta property=\"article:modified_time\" content=\"2025-04-01T22:21:02+00:00\" \/>\n<meta property=\"og:image\" content=\"https:\/\/www.lacubadebaco.com\/bodega\/wp-content\/uploads\/2023\/08\/Gin-cabecita-loca.png\" \/>\n\t<meta property=\"og:image:width\" content=\"224\" \/>\n\t<meta property=\"og:image:height\" content=\"299\" \/>\n\t<meta property=\"og:image:type\" content=\"image\/png\" \/>\n<meta name=\"twitter:card\" content=\"summary_large_image\" \/>\n<meta name=\"twitter:label1\" content=\"Tiempo de lectura\" \/>\n\t<meta name=\"twitter:data1\" content=\"1 minuto\" \/>\n<script type=\"application\/ld+json\" class=\"yoast-schema-graph\">{\"@context\":\"https:\/\/schema.org\",\"@graph\":[{\"@type\":\"WebPage\",\"@id\":\"https:\/\/www.lacubadebaco.com\/bodega\/tiendadevinos\/essential-gin-premium-cabecita-loca\/\",\"url\":\"https:\/\/www.lacubadebaco.com\/bodega\/tiendadevinos\/essential-gin-premium-cabecita-loca\/\",\"name\":\"Essential Gin Premium Cabecita Loca - Comprar vino | Arag\u00f3n y Navarra | La Cuba de Baco\",\"isPartOf\":{\"@id\":\"https:\/\/www.lacubadebaco.com\/bodega\/#website\"},\"primaryImageOfPage\":{\"@id\":\"https:\/\/www.lacubadebaco.com\/bodega\/tiendadevinos\/essential-gin-premium-cabecita-loca\/#primaryimage\"},\"image\":{\"@id\":\"https:\/\/www.lacubadebaco.com\/bodega\/tiendadevinos\/essential-gin-premium-cabecita-loca\/#primaryimage\"},\"thumbnailUrl\":\"https:\/\/www.lacubadebaco.com\/bodega\/wp-content\/uploads\/2023\/08\/Gin-cabecita-loca.png\",\"datePublished\":\"2022-05-16T12:27:45+00:00\",\"dateModified\":\"2025-04-01T22:21:02+00:00\",\"description\":\"Comprar vino de Arag\u00f3n | Comprar vino de Navarra\",\"breadcrumb\":{\"@id\":\"https:\/\/www.lacubadebaco.com\/bodega\/tiendadevinos\/essential-gin-premium-cabecita-loca\/#breadcrumb\"},\"inLanguage\":\"es\",\"potentialAction\":[{\"@type\":\"ReadAction\",\"target\":[\"https:\/\/www.lacubadebaco.com\/bodega\/tiendadevinos\/essential-gin-premium-cabecita-loca\/\"]}]},{\"@type\":\"ImageObject\",\"inLanguage\":\"es\",\"@id\":\"https:\/\/www.lacubadebaco.com\/bodega\/tiendadevinos\/essential-gin-premium-cabecita-loca\/#primaryimage\",\"url\":\"https:\/\/www.lacubadebaco.com\/bodega\/wp-content\/uploads\/2023\/08\/Gin-cabecita-loca.png\",\"contentUrl\":\"https:\/\/www.lacubadebaco.com\/bodega\/wp-content\/uploads\/2023\/08\/Gin-cabecita-loca.png\",\"width\":224,\"height\":299,\"caption\":\"Ginebra de Arag\u00f3n | Somontano | Ginebra| La Cuba de Baco\"},{\"@type\":\"BreadcrumbList\",\"@id\":\"https:\/\/www.lacubadebaco.com\/bodega\/tiendadevinos\/essential-gin-premium-cabecita-loca\/#breadcrumb\",\"itemListElement\":[{\"@type\":\"ListItem\",\"position\":1,\"name\":\"Portada\",\"item\":\"https:\/\/www.lacubadebaco.com\/bodega\/home-v8-frontpage-shop\/\"},{\"@type\":\"ListItem\",\"position\":2,\"name\":\"Tienda de vinos\",\"item\":\"https:\/\/www.lacubadebaco.com\/bodega\/tiendadevinos\/\"},{\"@type\":\"ListItem\",\"position\":3,\"name\":\"Essential Gin Premium Cabecita Loca\"}]},{\"@type\":\"WebSite\",\"@id\":\"https:\/\/www.lacubadebaco.com\/bodega\/#website\",\"url\":\"https:\/\/www.lacubadebaco.com\/bodega\/\",\"name\":\"Comprar vino | Arag\u00f3n y Navarra | La Cuba de Baco\",\"description\":\"Comprar vino de Arag\u00f3n | Comprar vino de Navarra | Tienda de vino online de Navarra  y Arag\u00f3n | La Cuba de Baco\",\"publisher\":{\"@id\":\"https:\/\/www.lacubadebaco.com\/bodega\/#organization\"},\"potentialAction\":[{\"@type\":\"SearchAction\",\"target\":{\"@type\":\"EntryPoint\",\"urlTemplate\":\"https:\/\/www.lacubadebaco.com\/bodega\/?s={search_term_string}\"},\"query-input\":{\"@type\":\"PropertyValueSpecification\",\"valueRequired\":true,\"valueName\":\"search_term_string\"}}],\"inLanguage\":\"es\"},{\"@type\":\"Organization\",\"@id\":\"https:\/\/www.lacubadebaco.com\/bodega\/#organization\",\"name\":\"La Cuba de Baco\",\"url\":\"https:\/\/www.lacubadebaco.com\/bodega\/\",\"logo\":{\"@type\":\"ImageObject\",\"inLanguage\":\"es\",\"@id\":\"https:\/\/www.lacubadebaco.com\/bodega\/#\/schema\/logo\/image\/\",\"url\":\"https:\/\/www.lacubadebaco.com\/bodega\/wp-content\/uploads\/2014\/01\/logoslider.png\",\"contentUrl\":\"https:\/\/www.lacubadebaco.com\/bodega\/wp-content\/uploads\/2014\/01\/logoslider.png\",\"width\":440,\"height\":256,\"caption\":\"La Cuba de Baco\"},\"image\":{\"@id\":\"https:\/\/www.lacubadebaco.com\/bodega\/#\/schema\/logo\/image\/\"}}]}<\/script>\n<!-- \/ Yoast SEO plugin. -->","yoast_head_json":{"title":"Essential Gin Premium Cabecita Loca - Comprar vino | Arag\u00f3n y Navarra | La Cuba de Baco","description":"Comprar vino de Arag\u00f3n | Comprar vino de Navarra","robots":{"index":"index","follow":"follow","max-snippet":"max-snippet:-1","max-image-preview":"max-image-preview:large","max-video-preview":"max-video-preview:-1"},"canonical":"https:\/\/www.lacubadebaco.com\/bodega\/tiendadevinos\/essential-gin-premium-cabecita-loca\/","og_locale":"es_ES","og_type":"article","og_title":"Essential Gin Premium Cabecita Loca - Comprar vino | Arag\u00f3n y Navarra | La Cuba de Baco","og_description":"Comprar vino de Arag\u00f3n | Comprar vino de Navarra","og_url":"https:\/\/www.lacubadebaco.com\/bodega\/tiendadevinos\/essential-gin-premium-cabecita-loca\/","og_site_name":"Comprar vino | Arag\u00f3n y Navarra | La Cuba de Baco","article_modified_time":"2025-04-01T22:21:02+00:00","og_image":[{"width":224,"height":299,"url":"https:\/\/www.lacubadebaco.com\/bodega\/wp-content\/uploads\/2023\/08\/Gin-cabecita-loca.png","type":"image\/png"}],"twitter_card":"summary_large_image","twitter_misc":{"Tiempo de lectura":"1 minuto"},"schema":{"@context":"https:\/\/schema.org","@graph":[{"@type":"WebPage","@id":"https:\/\/www.lacubadebaco.com\/bodega\/tiendadevinos\/essential-gin-premium-cabecita-loca\/","url":"https:\/\/www.lacubadebaco.com\/bodega\/tiendadevinos\/essential-gin-premium-cabecita-loca\/","name":"Essential Gin Premium Cabecita Loca - Comprar vino | Arag\u00f3n y Navarra | La Cuba de Baco","isPartOf":{"@id":"https:\/\/www.lacubadebaco.com\/bodega\/#website"},"primaryImageOfPage":{"@id":"https:\/\/www.lacubadebaco.com\/bodega\/tiendadevinos\/essential-gin-premium-cabecita-loca\/#primaryimage"},"image":{"@id":"https:\/\/www.lacubadebaco.com\/bodega\/tiendadevinos\/essential-gin-premium-cabecita-loca\/#primaryimage"},"thumbnailUrl":"https:\/\/www.lacubadebaco.com\/bodega\/wp-content\/uploads\/2023\/08\/Gin-cabecita-loca.png","datePublished":"2022-05-16T12:27:45+00:00","dateModified":"2025-04-01T22:21:02+00:00","description":"Comprar vino de Arag\u00f3n | Comprar vino de Navarra","breadcrumb":{"@id":"https:\/\/www.lacubadebaco.com\/bodega\/tiendadevinos\/essential-gin-premium-cabecita-loca\/#breadcrumb"},"inLanguage":"es","potentialAction":[{"@type":"ReadAction","target":["https:\/\/www.lacubadebaco.com\/bodega\/tiendadevinos\/essential-gin-premium-cabecita-loca\/"]}]},{"@type":"ImageObject","inLanguage":"es","@id":"https:\/\/www.lacubadebaco.com\/bodega\/tiendadevinos\/essential-gin-premium-cabecita-loca\/#primaryimage","url":"https:\/\/www.lacubadebaco.com\/bodega\/wp-content\/uploads\/2023\/08\/Gin-cabecita-loca.png","contentUrl":"https:\/\/www.lacubadebaco.com\/bodega\/wp-content\/uploads\/2023\/08\/Gin-cabecita-loca.png","width":224,"height":299,"caption":"Ginebra de Arag\u00f3n | Somontano | Ginebra| La Cuba de Baco"},{"@type":"BreadcrumbList","@id":"https:\/\/www.lacubadebaco.com\/bodega\/tiendadevinos\/essential-gin-premium-cabecita-loca\/#breadcrumb","itemListElement":[{"@type":"ListItem","position":1,"name":"Portada","item":"https:\/\/www.lacubadebaco.com\/bodega\/home-v8-frontpage-shop\/"},{"@type":"ListItem","position":2,"name":"Tienda de vinos","item":"https:\/\/www.lacubadebaco.com\/bodega\/tiendadevinos\/"},{"@type":"ListItem","position":3,"name":"Essential Gin Premium Cabecita Loca"}]},{"@type":"WebSite","@id":"https:\/\/www.lacubadebaco.com\/bodega\/#website","url":"https:\/\/www.lacubadebaco.com\/bodega\/","name":"Comprar vino | Arag\u00f3n y Navarra | La Cuba de Baco","description":"Comprar vino de Arag\u00f3n | Comprar vino de Navarra | Tienda de vino online de Navarra  y Arag\u00f3n | La Cuba de Baco","publisher":{"@id":"https:\/\/www.lacubadebaco.com\/bodega\/#organization"},"potentialAction":[{"@type":"SearchAction","target":{"@type":"EntryPoint","urlTemplate":"https:\/\/www.lacubadebaco.com\/bodega\/?s={search_term_string}"},"query-input":{"@type":"PropertyValueSpecification","valueRequired":true,"valueName":"search_term_string"}}],"inLanguage":"es"},{"@type":"Organization","@id":"https:\/\/www.lacubadebaco.com\/bodega\/#organization","name":"La Cuba de Baco","url":"https:\/\/www.lacubadebaco.com\/bodega\/","logo":{"@type":"ImageObject","inLanguage":"es","@id":"https:\/\/www.lacubadebaco.com\/bodega\/#\/schema\/logo\/image\/","url":"https:\/\/www.lacubadebaco.com\/bodega\/wp-content\/uploads\/2014\/01\/logoslider.png","contentUrl":"https:\/\/www.lacubadebaco.com\/bodega\/wp-content\/uploads\/2014\/01\/logoslider.png","width":440,"height":256,"caption":"La Cuba de Baco"},"image":{"@id":"https:\/\/www.lacubadebaco.com\/bodega\/#\/schema\/logo\/image\/"}}]}},"_links":{"self":[{"href":"https:\/\/www.lacubadebaco.com\/bodega\/wp-json\/wp\/v2\/product\/6603","targetHints":{"allow":["GET"]}}],"collection":[{"href":"https:\/\/www.lacubadebaco.com\/bodega\/wp-json\/wp\/v2\/product"}],"about":[{"href":"https:\/\/www.lacubadebaco.com\/bodega\/wp-json\/wp\/v2\/types\/product"}],"wp:featuredmedia":[{"embeddable":true,"href":"https:\/\/www.lacubadebaco.com\/bodega\/wp-json\/wp\/v2\/media\/6929"}],"wp:attachment":[{"href":"https:\/\/www.lacubadebaco.com\/bodega\/wp-json\/wp\/v2\/media?parent=6603"}],"wp:term":[{"taxonomy":"product_brand","embeddable":true,"href":"https:\/\/www.lacubadebaco.com\/bodega\/wp-json\/wp\/v2\/product_brand?post=6603"},{"taxonomy":"product_cat","embeddable":true,"href":"https:\/\/www.lacubadebaco.com\/bodega\/wp-json\/wp\/v2\/product_cat?post=6603"},{"taxonomy":"product_tag","embeddable":true,"href":"https:\/\/www.lacubadebaco.com\/bodega\/wp-json\/wp\/v2\/product_tag?post=6603"}],"curies":[{"name":"wp","href":"https:\/\/api.w.org\/{rel}","templated":true}]}}

<p><strong>Región: </strong>Barbastro &#8211; Huesca.</p>
<p><strong>Cata: </strong>Es una ginebra seca elaborada mediante una selección de destilados vínicos macerados con bayas de enebro, coriandro y cortezas de cítricos entre otros.</p>
<p>El alcohol de uva le aporta suavidad, redondez y elegancia.</p>
<p>Se trata de una ginebra clásica, donde predominan los aromas de enebro, con sutiles notas de limón y naranja amarga.</p>
<p>Se recomienda acompañar con tónica neutra de suave burbuja o bien beberla al natural.</p>
<p><strong>Premios: </strong>Medalla de Bronce IWSC Londres 2019.</p>
<p>&nbsp;</p>

<p>Región: Barbastro &#8211; Huesca. Cata: Es una ginebra seca elaborada mediante una selección de destilados vínicos macerados con bayas de enebro, coriandro y cortezas de cítricos entre otros. El alcohol de uva le aporta suavidad, redondez y elegancia. Se trata de una ginebra clásica, donde predominan los aromas de enebro, con sutiles notas de limón y naranja [&hellip;]</p>

<!-- This site is optimized with the Yoast SEO plugin v27.0 - https://yoast.com/product/yoast-seo-wordpress/ -->
<title>Essential Gin Premium Cabecita Loca - Comprar vino | Aragón y Navarra | La Cuba de Baco</title>
<meta name="description" content="Comprar vino de Aragón | Comprar vino de Navarra" />
<meta name="robots" content="index, follow, max-snippet:-1, max-image-preview:large, max-video-preview:-1" />
<link rel="canonical" href="https://www.lacubadebaco.com/bodega/tiendadevinos/essential-gin-premium-cabecita-loca/" />
<meta property="og:locale" content="es_ES" />
<meta property="og:type" content="article" />
<meta property="og:title" content="Essential Gin Premium Cabecita Loca - Comprar vino | Aragón y Navarra | La Cuba de Baco" />
<meta property="og:description" content="Comprar vino de Aragón | Comprar vino de Navarra" />
<meta property="og:url" content="https://www.lacubadebaco.com/bodega/tiendadevinos/essential-gin-premium-cabecita-loca/" />
<meta property="og:site_name" content="Comprar vino | Aragón y Navarra | La Cuba de Baco" />
<meta property="article:modified_time" content="2025-04-01T22:21:02+00:00" />
<meta property="og:image" content="https://www.lacubadebaco.com/bodega/wp-content/uploads/2023/08/Gin-cabecita-loca.png" />
	<meta property="og:image:width" content="224" />
	<meta property="og:image:height" content="299" />
	<meta property="og:image:type" content="image/png" />
<meta name="twitter:card" content="summary_large_image" />
<meta name="twitter:label1" content="Tiempo de lectura" />
	<meta name="twitter:data1" content="1 minuto" />
<script type="application/ld+json" class="yoast-schema-graph">{"@context":"https://schema.org","@graph":[{"@type":"WebPage","@id":"https://www.lacubadebaco.com/bodega/tiendadevinos/essential-gin-premium-cabecita-loca/","url":"https://www.lacubadebaco.com/bodega/tiendadevinos/essential-gin-premium-cabecita-loca/","name":"Essential Gin Premium Cabecita Loca - Comprar vino | Aragón y Navarra | La Cuba de Baco","isPartOf":{"@id":"https://www.lacubadebaco.com/bodega/#website"},"primaryImageOfPage":{"@id":"https://www.lacubadebaco.com/bodega/tiendadevinos/essential-gin-premium-cabecita-loca/#primaryimage"},"image":{"@id":"https://www.lacubadebaco.com/bodega/tiendadevinos/essential-gin-premium-cabecita-loca/#primaryimage"},"thumbnailUrl":"https://www.lacubadebaco.com/bodega/wp-content/uploads/2023/08/Gin-cabecita-loca.png","datePublished":"2022-05-16T12:27:45+00:00","dateModified":"2025-04-01T22:21:02+00:00","description":"Comprar vino de Aragón | Comprar vino de Navarra","breadcrumb":{"@id":"https://www.lacubadebaco.com/bodega/tiendadevinos/essential-gin-premium-cabecita-loca/#breadcrumb"},"inLanguage":"es","potentialAction":[{"@type":"ReadAction","target":["https://www.lacubadebaco.com/bodega/tiendadevinos/essential-gin-premium-cabecita-loca/"]}]},{"@type":"ImageObject","inLanguage":"es","@id":"https://www.lacubadebaco.com/bodega/tiendadevinos/essential-gin-premium-cabecita-loca/#primaryimage","url":"https://www.lacubadebaco.com/bodega/wp-content/uploads/2023/08/Gin-cabecita-loca.png","contentUrl":"https://www.lacubadebaco.com/bodega/wp-content/uploads/2023/08/Gin-cabecita-loca.png","width":224,"height":299,"caption":"Ginebra de Aragón | Somontano | Ginebra| La Cuba de Baco"},{"@type":"BreadcrumbList","@id":"https://www.lacubadebaco.com/bodega/tiendadevinos/essential-gin-premium-cabecita-loca/#breadcrumb","itemListElement":[{"@type":"ListItem","position":1,"name":"Portada","item":"https://www.lacubadebaco.com/bodega/home-v8-frontpage-shop/"},{"@type":"ListItem","position":2,"name":"Tienda de vinos","item":"https://www.lacubadebaco.com/bodega/tiendadevinos/"},{"@type":"ListItem","position":3,"name":"Essential Gin Premium Cabecita Loca"}]},{"@type":"WebSite","@id":"https://www.lacubadebaco.com/bodega/#website","url":"https://www.lacubadebaco.com/bodega/","name":"Comprar vino | Aragón y Navarra | La Cuba de Baco","description":"Comprar vino de Aragón | Comprar vino de Navarra | Tienda de vino online de Navarra  y Aragón | La Cuba de Baco","publisher":{"@id":"https://www.lacubadebaco.com/bodega/#organization"},"potentialAction":[{"@type":"SearchAction","target":{"@type":"EntryPoint","urlTemplate":"https://www.lacubadebaco.com/bodega/?s={search_term_string}"},"query-input":{"@type":"PropertyValueSpecification","valueRequired":true,"valueName":"search_term_string"}}],"inLanguage":"es"},{"@type":"Organization","@id":"https://www.lacubadebaco.com/bodega/#organization","name":"La Cuba de Baco","url":"https://www.lacubadebaco.com/bodega/","logo":{"@type":"ImageObject","inLanguage":"es","@id":"https://www.lacubadebaco.com/bodega/#/schema/logo/image/","url":"https://www.lacubadebaco.com/bodega/wp-content/uploads/2014/01/logoslider.png","contentUrl":"https://www.lacubadebaco.com/bodega/wp-content/uploads/2014/01/logoslider.png","width":440,"height":256,"caption":"La Cuba de Baco"},"image":{"@id":"https://www.lacubadebaco.com/bodega/#/schema/logo/image/"}}]}</script>
<!-- / Yoast SEO plugin. -->

Essential Gin Premium Cabecita Loca - Comprar vino | Aragón y Navarra | La Cuba de Baco

Comprar vino de Aragón | Comprar vino de Navarra

Comprar vino | Aragón y Navarra | La Cuba de Baco

Ginebra de Aragón | Somontano | Ginebra| La Cuba de Baco

Comprar vino de Aragón | Comprar vino de Navarra | Tienda de vino online de Navarra  y Aragón | La Cuba de Baco
