{"id":7360,"date":"2025-09-21T11:59:53","date_gmt":"2025-09-21T09:59:53","guid":{"rendered":"https:\/\/www.lacubadebaco.com\/bodega\/?post_type=product&#038;p=7360"},"modified":"2025-09-21T11:59:53","modified_gmt":"2025-09-21T09:59:53","slug":"secastilla-la-miranda-tinto","status":"publish","type":"product","link":"https:\/\/www.lacubadebaco.com\/bodega\/tiendadevinos\/secastilla-la-miranda-tinto\/","title":{"rendered":"Secastilla La Miranda Tinto"},"content":{"rendered":"<p><strong>Variedades de uva:<\/strong>Garnacha tinta, Parraleta y Syrah.<\/p>\n<p><strong>Vi\u00f1edos:\u00a0<\/strong>Laderas pedregosas por encima de los 700 metros. Vi\u00f1edos de altura.<\/p>\n<p><strong>Regi\u00f3n:\u00a0<\/strong>D.O. Somontano.<\/p>\n<p><strong>Cata:\u00a0<\/strong>Presenta un precioso color cereza intenso.<\/p>\n<p>En nariz es muy florar, con notas de lilas y flores azules, es muy fresco, con nervio y gran intensidad. <\/p>\n<p>En boca destaca su potente carga frutal, su madera torrefactada y sus notas bals\u00e1micas.<\/p>\n<p>Tiene una personalidad \u00fanica con una estructura y complejidad dif\u00edciles de olvidar.<\/p>\n<p>Crianza en 8 meses de barrica de roble franc\u00e9s. Ideal para carnes rojas, asados, pescados untuosos, quesos y postres, ideal para comidas de negocio y comidas familiares.<\/p>\n<p><strong>Gu\u00eda Pe\u00f1\u00edn:\u00a0<\/strong><\/p>\n<p><strong>Premios:\u00a0<\/strong><\/p>\n","protected":false},"excerpt":{"rendered":"<p>Variedades de uva:Garnacha tinta, Parraleta y Syrah. Vi\u00f1edos:\u00a0Laderas pedregosas por encima de los 700 metros. Vi\u00f1edos de altura. Regi\u00f3n:\u00a0D.O. Somontano. Cata:\u00a0Presenta un precioso color cereza intenso. En nariz es muy florar, con notas de lilas y flores azules, es muy fresco, con nervio y gran intensidad. En boca destaca su potente carga frutal, su madera [&hellip;]<\/p>\n","protected":false},"featured_media":7399,"template":"","meta":{"_exactmetrics_skip_tracking":false,"_exactmetrics_sitenote_active":false,"_exactmetrics_sitenote_note":"","_exactmetrics_sitenote_category":0},"product_brand":[],"product_cat":[77,37,73],"product_tag":[55],"class_list":{"0":"post-7360","1":"product","2":"type-product","3":"status-publish","4":"has-post-thumbnail","6":"product_cat-novedades","7":"product_cat-tienda-de-vinos","8":"product_cat-vinos-de-aragon","9":"product_tag-tinto-crianza","11":"first","12":"instock","13":"taxable","14":"shipping-taxable","15":"purchasable","16":"product-type-simple"},"yoast_head":"<!-- This site is optimized with the Yoast SEO plugin v27.0 - https:\/\/yoast.com\/product\/yoast-seo-wordpress\/ -->\n<title>Secastilla La Miranda Tinto - Comprar vino | Arag\u00f3n y Navarra | La Cuba de Baco<\/title>\n<meta name=\"description\" content=\"Comprar vino de Arag\u00f3n | Comprar vino de Navarra\" \/>\n<meta name=\"robots\" content=\"index, follow, max-snippet:-1, max-image-preview:large, max-video-preview:-1\" \/>\n<link rel=\"canonical\" href=\"https:\/\/www.lacubadebaco.com\/bodega\/tiendadevinos\/secastilla-la-miranda-tinto\/\" \/>\n<meta property=\"og:locale\" content=\"es_ES\" \/>\n<meta property=\"og:type\" content=\"article\" \/>\n<meta property=\"og:title\" content=\"Secastilla La Miranda Tinto - Comprar vino | Arag\u00f3n y Navarra | La Cuba de Baco\" \/>\n<meta property=\"og:description\" content=\"Comprar vino de Arag\u00f3n | Comprar vino de Navarra\" \/>\n<meta property=\"og:url\" content=\"https:\/\/www.lacubadebaco.com\/bodega\/tiendadevinos\/secastilla-la-miranda-tinto\/\" \/>\n<meta property=\"og:site_name\" content=\"Comprar vino | Arag\u00f3n y Navarra | La Cuba de Baco\" \/>\n<meta property=\"og:image\" content=\"https:\/\/www.lacubadebaco.com\/bodega\/wp-content\/uploads\/2025\/09\/Secastilla-La-Miranda-Tinto.png\" \/>\n\t<meta property=\"og:image:width\" content=\"224\" \/>\n\t<meta property=\"og:image:height\" content=\"300\" \/>\n\t<meta property=\"og:image:type\" content=\"image\/png\" \/>\n<meta name=\"twitter:card\" content=\"summary_large_image\" \/>\n<meta name=\"twitter:label1\" content=\"Tiempo de lectura\" \/>\n\t<meta name=\"twitter:data1\" content=\"1 minuto\" \/>\n<script type=\"application\/ld+json\" class=\"yoast-schema-graph\">{\"@context\":\"https:\/\/schema.org\",\"@graph\":[{\"@type\":\"WebPage\",\"@id\":\"https:\/\/www.lacubadebaco.com\/bodega\/tiendadevinos\/secastilla-la-miranda-tinto\/\",\"url\":\"https:\/\/www.lacubadebaco.com\/bodega\/tiendadevinos\/secastilla-la-miranda-tinto\/\",\"name\":\"Secastilla La Miranda Tinto - Comprar vino | Arag\u00f3n y Navarra | La Cuba de Baco\",\"isPartOf\":{\"@id\":\"https:\/\/www.lacubadebaco.com\/bodega\/#website\"},\"primaryImageOfPage\":{\"@id\":\"https:\/\/www.lacubadebaco.com\/bodega\/tiendadevinos\/secastilla-la-miranda-tinto\/#primaryimage\"},\"image\":{\"@id\":\"https:\/\/www.lacubadebaco.com\/bodega\/tiendadevinos\/secastilla-la-miranda-tinto\/#primaryimage\"},\"thumbnailUrl\":\"https:\/\/www.lacubadebaco.com\/bodega\/wp-content\/uploads\/2025\/09\/Secastilla-La-Miranda-Tinto.png\",\"datePublished\":\"2025-09-21T09:59:53+00:00\",\"description\":\"Comprar vino de Arag\u00f3n | Comprar vino de Navarra\",\"breadcrumb\":{\"@id\":\"https:\/\/www.lacubadebaco.com\/bodega\/tiendadevinos\/secastilla-la-miranda-tinto\/#breadcrumb\"},\"inLanguage\":\"es\",\"potentialAction\":[{\"@type\":\"ReadAction\",\"target\":[\"https:\/\/www.lacubadebaco.com\/bodega\/tiendadevinos\/secastilla-la-miranda-tinto\/\"]}]},{\"@type\":\"ImageObject\",\"inLanguage\":\"es\",\"@id\":\"https:\/\/www.lacubadebaco.com\/bodega\/tiendadevinos\/secastilla-la-miranda-tinto\/#primaryimage\",\"url\":\"https:\/\/www.lacubadebaco.com\/bodega\/wp-content\/uploads\/2025\/09\/Secastilla-La-Miranda-Tinto.png\",\"contentUrl\":\"https:\/\/www.lacubadebaco.com\/bodega\/wp-content\/uploads\/2025\/09\/Secastilla-La-Miranda-Tinto.png\",\"width\":224,\"height\":300},{\"@type\":\"BreadcrumbList\",\"@id\":\"https:\/\/www.lacubadebaco.com\/bodega\/tiendadevinos\/secastilla-la-miranda-tinto\/#breadcrumb\",\"itemListElement\":[{\"@type\":\"ListItem\",\"position\":1,\"name\":\"Portada\",\"item\":\"https:\/\/www.lacubadebaco.com\/bodega\/home-v8-frontpage-shop\/\"},{\"@type\":\"ListItem\",\"position\":2,\"name\":\"Tienda de vinos\",\"item\":\"https:\/\/www.lacubadebaco.com\/bodega\/tiendadevinos\/\"},{\"@type\":\"ListItem\",\"position\":3,\"name\":\"Secastilla La Miranda Tinto\"}]},{\"@type\":\"WebSite\",\"@id\":\"https:\/\/www.lacubadebaco.com\/bodega\/#website\",\"url\":\"https:\/\/www.lacubadebaco.com\/bodega\/\",\"name\":\"Comprar vino | Arag\u00f3n y Navarra | La Cuba de Baco\",\"description\":\"Comprar vino de Arag\u00f3n | Comprar vino de Navarra | Tienda de vino online de Navarra  y Arag\u00f3n | La Cuba de Baco\",\"publisher\":{\"@id\":\"https:\/\/www.lacubadebaco.com\/bodega\/#organization\"},\"potentialAction\":[{\"@type\":\"SearchAction\",\"target\":{\"@type\":\"EntryPoint\",\"urlTemplate\":\"https:\/\/www.lacubadebaco.com\/bodega\/?s={search_term_string}\"},\"query-input\":{\"@type\":\"PropertyValueSpecification\",\"valueRequired\":true,\"valueName\":\"search_term_string\"}}],\"inLanguage\":\"es\"},{\"@type\":\"Organization\",\"@id\":\"https:\/\/www.lacubadebaco.com\/bodega\/#organization\",\"name\":\"La Cuba de Baco\",\"url\":\"https:\/\/www.lacubadebaco.com\/bodega\/\",\"logo\":{\"@type\":\"ImageObject\",\"inLanguage\":\"es\",\"@id\":\"https:\/\/www.lacubadebaco.com\/bodega\/#\/schema\/logo\/image\/\",\"url\":\"https:\/\/www.lacubadebaco.com\/bodega\/wp-content\/uploads\/2014\/01\/logoslider.png\",\"contentUrl\":\"https:\/\/www.lacubadebaco.com\/bodega\/wp-content\/uploads\/2014\/01\/logoslider.png\",\"width\":440,\"height\":256,\"caption\":\"La Cuba de Baco\"},\"image\":{\"@id\":\"https:\/\/www.lacubadebaco.com\/bodega\/#\/schema\/logo\/image\/\"}}]}<\/script>\n<!-- \/ Yoast SEO plugin. -->","yoast_head_json":{"title":"Secastilla La Miranda Tinto - Comprar vino | Arag\u00f3n y Navarra | La Cuba de Baco","description":"Comprar vino de Arag\u00f3n | Comprar vino de Navarra","robots":{"index":"index","follow":"follow","max-snippet":"max-snippet:-1","max-image-preview":"max-image-preview:large","max-video-preview":"max-video-preview:-1"},"canonical":"https:\/\/www.lacubadebaco.com\/bodega\/tiendadevinos\/secastilla-la-miranda-tinto\/","og_locale":"es_ES","og_type":"article","og_title":"Secastilla La Miranda Tinto - Comprar vino | Arag\u00f3n y Navarra | La Cuba de Baco","og_description":"Comprar vino de Arag\u00f3n | Comprar vino de Navarra","og_url":"https:\/\/www.lacubadebaco.com\/bodega\/tiendadevinos\/secastilla-la-miranda-tinto\/","og_site_name":"Comprar vino | Arag\u00f3n y Navarra | La Cuba de Baco","og_image":[{"width":224,"height":300,"url":"https:\/\/www.lacubadebaco.com\/bodega\/wp-content\/uploads\/2025\/09\/Secastilla-La-Miranda-Tinto.png","type":"image\/png"}],"twitter_card":"summary_large_image","twitter_misc":{"Tiempo de lectura":"1 minuto"},"schema":{"@context":"https:\/\/schema.org","@graph":[{"@type":"WebPage","@id":"https:\/\/www.lacubadebaco.com\/bodega\/tiendadevinos\/secastilla-la-miranda-tinto\/","url":"https:\/\/www.lacubadebaco.com\/bodega\/tiendadevinos\/secastilla-la-miranda-tinto\/","name":"Secastilla La Miranda Tinto - Comprar vino | Arag\u00f3n y Navarra | La Cuba de Baco","isPartOf":{"@id":"https:\/\/www.lacubadebaco.com\/bodega\/#website"},"primaryImageOfPage":{"@id":"https:\/\/www.lacubadebaco.com\/bodega\/tiendadevinos\/secastilla-la-miranda-tinto\/#primaryimage"},"image":{"@id":"https:\/\/www.lacubadebaco.com\/bodega\/tiendadevinos\/secastilla-la-miranda-tinto\/#primaryimage"},"thumbnailUrl":"https:\/\/www.lacubadebaco.com\/bodega\/wp-content\/uploads\/2025\/09\/Secastilla-La-Miranda-Tinto.png","datePublished":"2025-09-21T09:59:53+00:00","description":"Comprar vino de Arag\u00f3n | Comprar vino de Navarra","breadcrumb":{"@id":"https:\/\/www.lacubadebaco.com\/bodega\/tiendadevinos\/secastilla-la-miranda-tinto\/#breadcrumb"},"inLanguage":"es","potentialAction":[{"@type":"ReadAction","target":["https:\/\/www.lacubadebaco.com\/bodega\/tiendadevinos\/secastilla-la-miranda-tinto\/"]}]},{"@type":"ImageObject","inLanguage":"es","@id":"https:\/\/www.lacubadebaco.com\/bodega\/tiendadevinos\/secastilla-la-miranda-tinto\/#primaryimage","url":"https:\/\/www.lacubadebaco.com\/bodega\/wp-content\/uploads\/2025\/09\/Secastilla-La-Miranda-Tinto.png","contentUrl":"https:\/\/www.lacubadebaco.com\/bodega\/wp-content\/uploads\/2025\/09\/Secastilla-La-Miranda-Tinto.png","width":224,"height":300},{"@type":"BreadcrumbList","@id":"https:\/\/www.lacubadebaco.com\/bodega\/tiendadevinos\/secastilla-la-miranda-tinto\/#breadcrumb","itemListElement":[{"@type":"ListItem","position":1,"name":"Portada","item":"https:\/\/www.lacubadebaco.com\/bodega\/home-v8-frontpage-shop\/"},{"@type":"ListItem","position":2,"name":"Tienda de vinos","item":"https:\/\/www.lacubadebaco.com\/bodega\/tiendadevinos\/"},{"@type":"ListItem","position":3,"name":"Secastilla La Miranda Tinto"}]},{"@type":"WebSite","@id":"https:\/\/www.lacubadebaco.com\/bodega\/#website","url":"https:\/\/www.lacubadebaco.com\/bodega\/","name":"Comprar vino | Arag\u00f3n y Navarra | La Cuba de Baco","description":"Comprar vino de Arag\u00f3n | Comprar vino de Navarra | Tienda de vino online de Navarra  y Arag\u00f3n | La Cuba de Baco","publisher":{"@id":"https:\/\/www.lacubadebaco.com\/bodega\/#organization"},"potentialAction":[{"@type":"SearchAction","target":{"@type":"EntryPoint","urlTemplate":"https:\/\/www.lacubadebaco.com\/bodega\/?s={search_term_string}"},"query-input":{"@type":"PropertyValueSpecification","valueRequired":true,"valueName":"search_term_string"}}],"inLanguage":"es"},{"@type":"Organization","@id":"https:\/\/www.lacubadebaco.com\/bodega\/#organization","name":"La Cuba de Baco","url":"https:\/\/www.lacubadebaco.com\/bodega\/","logo":{"@type":"ImageObject","inLanguage":"es","@id":"https:\/\/www.lacubadebaco.com\/bodega\/#\/schema\/logo\/image\/","url":"https:\/\/www.lacubadebaco.com\/bodega\/wp-content\/uploads\/2014\/01\/logoslider.png","contentUrl":"https:\/\/www.lacubadebaco.com\/bodega\/wp-content\/uploads\/2014\/01\/logoslider.png","width":440,"height":256,"caption":"La Cuba de Baco"},"image":{"@id":"https:\/\/www.lacubadebaco.com\/bodega\/#\/schema\/logo\/image\/"}}]}},"_links":{"self":[{"href":"https:\/\/www.lacubadebaco.com\/bodega\/wp-json\/wp\/v2\/product\/7360","targetHints":{"allow":["GET"]}}],"collection":[{"href":"https:\/\/www.lacubadebaco.com\/bodega\/wp-json\/wp\/v2\/product"}],"about":[{"href":"https:\/\/www.lacubadebaco.com\/bodega\/wp-json\/wp\/v2\/types\/product"}],"wp:featuredmedia":[{"embeddable":true,"href":"https:\/\/www.lacubadebaco.com\/bodega\/wp-json\/wp\/v2\/media\/7399"}],"wp:attachment":[{"href":"https:\/\/www.lacubadebaco.com\/bodega\/wp-json\/wp\/v2\/media?parent=7360"}],"wp:term":[{"taxonomy":"product_brand","embeddable":true,"href":"https:\/\/www.lacubadebaco.com\/bodega\/wp-json\/wp\/v2\/product_brand?post=7360"},{"taxonomy":"product_cat","embeddable":true,"href":"https:\/\/www.lacubadebaco.com\/bodega\/wp-json\/wp\/v2\/product_cat?post=7360"},{"taxonomy":"product_tag","embeddable":true,"href":"https:\/\/www.lacubadebaco.com\/bodega\/wp-json\/wp\/v2\/product_tag?post=7360"}],"curies":[{"name":"wp","href":"https:\/\/api.w.org\/{rel}","templated":true}]}}

<p><strong>Variedades de uva:</strong>Garnacha tinta, Parraleta y Syrah.</p>
<p><strong>Viñedos: </strong>Laderas pedregosas por encima de los 700 metros. Viñedos de altura.</p>
<p><strong>Región: </strong>D.O. Somontano.</p>
<p><strong>Cata: </strong>Presenta un precioso color cereza intenso.</p>
<p>En nariz es muy florar, con notas de lilas y flores azules, es muy fresco, con nervio y gran intensidad. </p>
<p>En boca destaca su potente carga frutal, su madera torrefactada y sus notas balsámicas.</p>
<p>Tiene una personalidad única con una estructura y complejidad difíciles de olvidar.</p>
<p>Crianza en 8 meses de barrica de roble francés. Ideal para carnes rojas, asados, pescados untuosos, quesos y postres, ideal para comidas de negocio y comidas familiares.</p>
<p><strong>Guía Peñín: </strong></p>
<p><strong>Premios: </strong></p>

<p>Variedades de uva:Garnacha tinta, Parraleta y Syrah. Viñedos: Laderas pedregosas por encima de los 700 metros. Viñedos de altura. Región: D.O. Somontano. Cata: Presenta un precioso color cereza intenso. En nariz es muy florar, con notas de lilas y flores azules, es muy fresco, con nervio y gran intensidad. En boca destaca su potente carga frutal, su madera [&hellip;]</p>

<!-- This site is optimized with the Yoast SEO plugin v27.0 - https://yoast.com/product/yoast-seo-wordpress/ -->
<title>Secastilla La Miranda Tinto - Comprar vino | Aragón y Navarra | La Cuba de Baco</title>
<meta name="description" content="Comprar vino de Aragón | Comprar vino de Navarra" />
<meta name="robots" content="index, follow, max-snippet:-1, max-image-preview:large, max-video-preview:-1" />
<link rel="canonical" href="https://www.lacubadebaco.com/bodega/tiendadevinos/secastilla-la-miranda-tinto/" />
<meta property="og:locale" content="es_ES" />
<meta property="og:type" content="article" />
<meta property="og:title" content="Secastilla La Miranda Tinto - Comprar vino | Aragón y Navarra | La Cuba de Baco" />
<meta property="og:description" content="Comprar vino de Aragón | Comprar vino de Navarra" />
<meta property="og:url" content="https://www.lacubadebaco.com/bodega/tiendadevinos/secastilla-la-miranda-tinto/" />
<meta property="og:site_name" content="Comprar vino | Aragón y Navarra | La Cuba de Baco" />
<meta property="og:image" content="https://www.lacubadebaco.com/bodega/wp-content/uploads/2025/09/Secastilla-La-Miranda-Tinto.png" />
	<meta property="og:image:width" content="224" />
	<meta property="og:image:height" content="300" />
	<meta property="og:image:type" content="image/png" />
<meta name="twitter:card" content="summary_large_image" />
<meta name="twitter:label1" content="Tiempo de lectura" />
	<meta name="twitter:data1" content="1 minuto" />
<script type="application/ld+json" class="yoast-schema-graph">{"@context":"https://schema.org","@graph":[{"@type":"WebPage","@id":"https://www.lacubadebaco.com/bodega/tiendadevinos/secastilla-la-miranda-tinto/","url":"https://www.lacubadebaco.com/bodega/tiendadevinos/secastilla-la-miranda-tinto/","name":"Secastilla La Miranda Tinto - Comprar vino | Aragón y Navarra | La Cuba de Baco","isPartOf":{"@id":"https://www.lacubadebaco.com/bodega/#website"},"primaryImageOfPage":{"@id":"https://www.lacubadebaco.com/bodega/tiendadevinos/secastilla-la-miranda-tinto/#primaryimage"},"image":{"@id":"https://www.lacubadebaco.com/bodega/tiendadevinos/secastilla-la-miranda-tinto/#primaryimage"},"thumbnailUrl":"https://www.lacubadebaco.com/bodega/wp-content/uploads/2025/09/Secastilla-La-Miranda-Tinto.png","datePublished":"2025-09-21T09:59:53+00:00","description":"Comprar vino de Aragón | Comprar vino de Navarra","breadcrumb":{"@id":"https://www.lacubadebaco.com/bodega/tiendadevinos/secastilla-la-miranda-tinto/#breadcrumb"},"inLanguage":"es","potentialAction":[{"@type":"ReadAction","target":["https://www.lacubadebaco.com/bodega/tiendadevinos/secastilla-la-miranda-tinto/"]}]},{"@type":"ImageObject","inLanguage":"es","@id":"https://www.lacubadebaco.com/bodega/tiendadevinos/secastilla-la-miranda-tinto/#primaryimage","url":"https://www.lacubadebaco.com/bodega/wp-content/uploads/2025/09/Secastilla-La-Miranda-Tinto.png","contentUrl":"https://www.lacubadebaco.com/bodega/wp-content/uploads/2025/09/Secastilla-La-Miranda-Tinto.png","width":224,"height":300},{"@type":"BreadcrumbList","@id":"https://www.lacubadebaco.com/bodega/tiendadevinos/secastilla-la-miranda-tinto/#breadcrumb","itemListElement":[{"@type":"ListItem","position":1,"name":"Portada","item":"https://www.lacubadebaco.com/bodega/home-v8-frontpage-shop/"},{"@type":"ListItem","position":2,"name":"Tienda de vinos","item":"https://www.lacubadebaco.com/bodega/tiendadevinos/"},{"@type":"ListItem","position":3,"name":"Secastilla La Miranda Tinto"}]},{"@type":"WebSite","@id":"https://www.lacubadebaco.com/bodega/#website","url":"https://www.lacubadebaco.com/bodega/","name":"Comprar vino | Aragón y Navarra | La Cuba de Baco","description":"Comprar vino de Aragón | Comprar vino de Navarra | Tienda de vino online de Navarra  y Aragón | La Cuba de Baco","publisher":{"@id":"https://www.lacubadebaco.com/bodega/#organization"},"potentialAction":[{"@type":"SearchAction","target":{"@type":"EntryPoint","urlTemplate":"https://www.lacubadebaco.com/bodega/?s={search_term_string}"},"query-input":{"@type":"PropertyValueSpecification","valueRequired":true,"valueName":"search_term_string"}}],"inLanguage":"es"},{"@type":"Organization","@id":"https://www.lacubadebaco.com/bodega/#organization","name":"La Cuba de Baco","url":"https://www.lacubadebaco.com/bodega/","logo":{"@type":"ImageObject","inLanguage":"es","@id":"https://www.lacubadebaco.com/bodega/#/schema/logo/image/","url":"https://www.lacubadebaco.com/bodega/wp-content/uploads/2014/01/logoslider.png","contentUrl":"https://www.lacubadebaco.com/bodega/wp-content/uploads/2014/01/logoslider.png","width":440,"height":256,"caption":"La Cuba de Baco"},"image":{"@id":"https://www.lacubadebaco.com/bodega/#/schema/logo/image/"}}]}</script>
<!-- / Yoast SEO plugin. -->

Secastilla La Miranda Tinto - Comprar vino | Aragón y Navarra | La Cuba de Baco

Comprar vino de Aragón | Comprar vino de Navarra

Comprar vino | Aragón y Navarra | La Cuba de Baco

Comprar vino de Aragón | Comprar vino de Navarra | Tienda de vino online de Navarra  y Aragón | La Cuba de Baco
